ultiple of 22?
True
Is 1325 a multiple of 25?
True
Is 6 a factor of 399?
False
Does 13 divide 2960?
False
Is 63140 a multiple of 164?
True
Is 191 a factor of 10696?
True
Is 547 a multiple of 51?
False
Is 1272 a multiple of 4?
True
Does 19 divide 1805?
True
Does 10 divide 350?
True
Does 3 divide 6545?
False
Is 32564 a multiple of 10?
False
Is 2 a factor of 3541?
False
Does 64 divide 9569?
False
Is 14 a factor of 2506?
True
Does 11 divide 1452?
True
Is 157 a multiple of 4?
False
Is 13 a factor of 42281?
False
Is 864 a multiple of 12?
True
Does 36 divide 653?
False
Does 11 divide 47245?
True
Is 47 a factor of 2871?
False
Is 536 a multiple of 6?
False
Does 20 divide 260?
True
Does 22 divide 1298?
True
Is 3359 a multiple of 190?
False
Is 2364 a multiple of 12?
True
Is 13 a factor of 1283?
False
Is 22 a factor of 11462?
True
Does 11 divide 3300?
True
Is 22 a factor of 24464?
True
Does 5 divide 3045?
True
Does 59 divide 66080?
True
Is 16 a factor of 643?
False
Is 400 a multiple of 20?
True
Does 5 divide 399?
False
Is 12208 a multiple of 56?
True
Is 399 a multiple of 28?
False
Is 25 a factor of 1616?
False
Is 18 a factor of 14202?
True
Is 3232 a multiple of 32?
True
Is 2016 a multiple of 5?
False
Is 3040 a multiple of 20?
True
Is 2106 a multiple of 18?
True
Does 105 divide 3360?
True
Is 892 a multiple of 27?
False
Does 18 divide 11926?
False
Does 36 divide 21491?
False
Does 12 divide 348?
True
Does 118 divide 2950?
True
Is 7801 a multiple of 8?
False
Is 11 a factor of 4784?
False
Does 21 divide 17418?
False
Is 14593 a multiple of 28?
False
Is 315 a multiple of 21?
True
Is 3126 a multiple of 3?
True
Is 12908 a multiple of 42?
False
Does 21 divide 4263?
True
Is 4 a factor of 196?
True
Is 30316 a multiple of 52?
True
Does 53 divide 201?
False
Is 12 a factor of 1080?
True
Is 10 a factor of 890?
True
Is 20 a factor of 300?
True
Is 111288 a multiple of 142?
False
Does 5 divide 566?
False
Is 52338 a multiple of 183?
True
Is 93 a multiple of 4?
False
Is 2565 a multiple of 45?
True
Is 168 a factor of 42803?
False
Is 16 a factor of 3088?
True
Is 25 a factor of 15490?
False
Does 17 divide 47408?
False
Is 6912 a multiple of 18?
True
Is 71 a factor of 240?
False
Is 15027 a multiple of 13?
False
Does 15 divide 3068?
False
Is 14 a factor of 1560?
False
Is 418 a multiple of 8?
False
Is 51 a multiple of 3?
True
Does 8 divide 651?
False
Is 22 a factor of 15664?
True
Is 62 a factor of 928?
False
Is 11 a factor of 5918?
True
Is 54 a factor of 702?
True
Does 111 divide 33300?
True
Does 23 divide 1058?
True
Is 6 a factor of 534?
True
Does 5 divide 1376?
False
Is 8778 a multiple of 22?
True
Is 11584 even?
True
Is 39 a factor of 1092?
True
Is 15 a factor of 114626?
False
Does 15 divide 715?
False
Is 771 a multiple of 30?
False
Is 3849 a multiple of 10?
False
Is 26 a factor of 11362?
True
Does 12 divide 39135?
False
Does 9 divide 1555?
False
Is 12 a factor of 875?
False
Is 127 a factor of 1884?
False
Is 2340 a multiple of 18?
True
Does 17 divide 357?
True
Does 42 divide 70?
False
Is 32 a factor of 458?
False
Is 25 a factor of 21716?
False
Is 6 a factor of 2037?
False
Is 13 a factor of 2680?
False
Does 94 divide 747?
False
Is 837 a multiple of 2?
False
Is 79 a factor of 5233?
False
Is 2040 a multiple of 60?
True
Is 37 a factor of 11618?
True
Is 15 a factor of 18630?
True
Is 5617 a multiple of 41?
True
Does 115 divide 7744?
False
Is 39 a factor of 39?
True
Is 8 a factor of 841?
False
Is 3 a factor of 3903?
True
Is 4787 a multiple of 19?
False
Does 11 divide 11242?
True
Is 76 a factor of 1140?
True
Is 129 a multiple of 31?
False
Is 47 a factor of 1504?
True
Is 2051 a multiple of 7?
True
Is 1113 a multiple of 8?
False
Is 44409 a multiple of 77?
False
Is 40 a factor of 28706?
False
Is 159 a multiple of 9?
False
Does 34 divide 669?
False
Does 27 divide 19332?
True
Is 27 a factor of 4134?
False
Is 34 a factor of 15606?
True
Is 98 a factor of 5782?
True
Is 11050 a multiple of 85?
True
Is 41 a factor of 4990?
False
Does 63 divide 435?
False
Is 11487 a multiple of 24?
False
Is 3420 a multiple of 20?
True
Is 57 a factor of 1903?
False
Is 46 a factor of 11914?
True
Is 10 a factor of 60215?
False
Is 2 a factor of 5498?
True
Does 51 divide 2591?
False
Is 6 a factor of 9533?
False
Is 6 a factor of 7398?
True
Is 12 a factor of 4940?
False
Does 3 divide 1515?
True
Does 160 divide 51971?
False
Is 230 a factor of 65271?
False
Is 137 a multiple of 8?
False
Does 32 divide 1362?
False
Does 4 divide 2432?
True
Does 24 divide 36624?
True
Is 53 a factor of 6254?
True
Does 36 divide 3070?
False
Does 20 divide 20158?
False
Is 1184 a multiple of 37?
True
Is 312 a multiple of 83?
False
Is 20 a factor of 1720?
True
Does 91 divide 11737?
False
Does 16 divide 1568?
True
Does 19 divide 24031?
False
Is 47 a factor of 1400?
False
Is 30 a factor of 14173?
False
Is 13 a factor of 156?
True
Does 8 divide 56?
True
Is 21 a factor of 694?
False
Is 13 a factor of 559?
True
Is 1667 a multiple of 45?
False
Does 5 divide 274?
False
Is 162 a factor of 19203?
False
Does 25 divide 2400?
True
Is 5169 even?
False
Is 20584 a multiple of 83?
True
Is 113157 a multiple of 33?
True
Is 36 a factor of 28581?
False
Is 16 a factor of 1291?
False
Is 41 a factor of 402?
False
Does 43 divide 7160?
False
Is 215 a multiple of 43?
True
Is 10 a factor of 14570?
True
Is 2070 a multiple of 10?
True
Is 5207 a multiple of 90?
False
Is 4020 a multiple of 36?
False
Does 5 divide 2589?
False
Does 15 divide 110582?
False
Is 21320 a multiple of 13?
True
Does 102 divide 1122?
True
Does 6 divide 9732?
True
Does 20 divide 85?
False
Is 35969 a multiple of 15?
False
Is 28 a factor of 2324?
True
Is 1408 a multiple of 4?
True
Is 282 a multiple of 6?
True
Is 2693 a multiple of 37?
False
Is 4 a factor of 128?
True
Is 9 a factor of 576?
True
Is 6 a factor of 123?
False
Is 1296 a multiple of 12?
True
Is 7266 a multiple of 42?
True
Does 24 divide 3864?
True
Is 33 a factor of 15089?
False
Is 9 a factor of 16794?
True
Is 2484 a multiple of 12?
True
Does 29 divide 2885?
False
Does 11 divide 18006?
False
Does 9 divide 234?
True
Does 30 divide 2246?
False
Does 43 divide 86?
True
Does 100 divide 13655?
False
Is 12730 a multiple of 67?
True
Is 2190 a multiple of 35?
False
Is 63 a factor of 387?
False
Is 76 a factor of 2052?
True
Is 29 a factor of 2661?
False
Is 13 a factor of 1378?
True
Does 4 divide 109?
False
Is 33 a factor of 9702?
True
Does 8 divide 167?
False
Is 6 a factor of 273?
False
Is 2517 a multiple of 13?
False
Is 9 a factor of 702?
True
Is 19 a factor of 1211?
False
Is 96 even?
True
Is 9 a factor of 3186?
True
Is 4 a factor of 8723?
False
Is 172 even?
True
Is 21 a factor of 105?
True
Is 1584 a multiple of 6?
True
Is 3648 a multiple of 96?
True
Does 117 divide 29867?
False
Is 24 a factor of 2376?
True
Is 369 a multiple of 34?
False
Is 9 a factor of 1013?
False
Is 136 a multiple of 7?
False
Is 12769 a multiple of 17?
False
Is 47 a factor of 893?
True
Is 8 a factor of 24051?
False
Does 12 divide 20424?
True
Is 10 a factor of 1627?
False
Is 7 a factor of 1645?
True
Is 165 a multiple of 55?
True
Does 21 divide 8778?
True
Is 79 a factor of 5930?
False
Is 17 a factor of 102?
True
Does 15 divide 1019?
False
Is 8059 a multiple of 68?
False
Is 325 a multiple of 13?
True
Is 2184 a multiple of 39?
True
Does 48 divide 3744?
True
Does 37 divide 1887?
True
Is 32 a multiple of 14?
False
Does 45 divide 34858?
False
Is 21146 a multiple of 12?
False
Does 30 divide 810?
True
Does 7 divide 87?
False
Does 35 divide 1461?
False
Is 93 a factor of 13950?
True
Does 14 divide 58898?
True
Does 22 divide 699?
False
Does 82 divide 53464?
True
Is 360 a multiple of 8?
True
Is 5262 a multiple of 61?
False
Is 750 a multiple of 25?
True
Is 18480 a multiple of 168?
True
Is 13 a factor of 52?
True
Is 14 a factor of 8509?
False
Is 1213 a multiple of 49?
False
Does 24 divide 816?
True
Is 3050 a multiple of 97?
False
Is 26 a factor of 250?
False
Is 15 a factor of 4485?
True
Is 363 a multiple of 8?
False
Is 16 a factor of 6416?
True
Is 12 a factor of 43307?
False
Is 45 a factor of 412?
False
Is 11228 a multiple of 14?
True
Is 19 a factor of 4035?
False
Is 342 a multiple of 9?
True
Does 11 divide 6259?
True
Does 391 divide 61572?
False
Is 681 a multiple of 71?
False
Is 10 a factor of 3450?
T